{"id":3533,"date":"2021-02-04T16:00:37","date_gmt":"2021-02-04T15:00:37","guid":{"rendered":"https:\/\/museomoesano.ch\/deutsche\/?page_id=3533"},"modified":"2025-03-27T16:38:41","modified_gmt":"2025-03-27T15:38:41","slug":"contatti","status":"publish","type":"page","link":"https:\/\/museomoesano.ch\/deutsche\/contatti\/","title":{"rendered":"Contatti"},"content":{"rendered":"<p><div class=\"flex_column av_one_full  flex_column_div av-zero-column-padding first  avia-builder-el-0  el_before_av_one_full  avia-builder-el-first  \" style='border-radius:0px; '><\/div><br \/>\n<div class=\"flex_column av_one_full  flex_column_div first  avia-builder-el-2  el_after_av_one_full  avia-builder-el-last  column-top-margin\" ><p><div  style='padding-bottom:20px; ' class='av-special-heading av-special-heading-h3    avia-builder-el-3  el_before_av_textblock  avia-builder-el-first  '><h3 class='av-special-heading-tag '  itemprop=\"headline\"  >Kontakte und Informationsanfragen<\/h3><div class='special-heading-border'><div class='special-heading-inner-border' ><\/div><\/div><\/div><br \/>\n<section class=\"av_textblock_section \"  itemscope=\"itemscope\" itemtype=\"https:\/\/schema.org\/CreativeWork\" ><div class='avia_textblock  '   itemprop=\"text\" ><p><strong>\u00d6ffnungszeiten und Erreichbarkeit<br \/>\n<\/strong>Das Museum ist von Mitte April bis Ende Oktober jeweils am Mittwoch, Freitag und Sonntag von 14.00 bis 17.00 ge\u00f6ffnet. F\u00fcr Gruppen von mindestens 10 Personen sind auf Anmeldung hin auch Besuche ausserhalb dieser \u00d6ffnungszeiten m\u00f6glich. Das Museum befindet sich in der Ortsmitte hinter der Collegiata-Kirche.<\/p>\n<p><strong>Zugang f\u00fcr Menschen mit Behinderung<br \/>\n<\/strong>Leider ist nur das Erdgeschoss rollstuhlg\u00e4ngig; Personen mit einer leichteren Gehbehinderung k\u00f6nnen die oberen Stockwerke \u00fcber eine breite Treppe erreichen.<\/p>\n<p><strong>Eintrittspreise<br \/>\n<\/strong>Erwachsene: CHF 5<br \/>\nKinder bis 7 Jahre gratis<br \/>\nAHV-Bez\u00fcger, Studenten und Jugendliche bis 16 Jahre: CHF 3<br \/>\nGruppen zu mindestens 10 Personen: CHF 3 \/ Person<br \/>\nF\u00fchrungen: CHF 100<br \/>\n(zus\u00e4tzlich zum Eintrittspreis)<\/p>\n<p><strong>Informationen<br \/>\n<\/strong>Palazzo Viscardi &#8211; Via Favera 11 &#8211; CH-6534 San Vittore<br \/>\n0041 (0)91 827 16 66<br \/>\n<a href=\"mailto:info@museomoesano.ch\">info@museomoesano.ch<\/a><\/p>\n<\/div><\/section><br \/>\n<div  style='height:20px' class='hr hr-invisible   avia-builder-el-5  el_after_av_textblock  avia-builder-el-last '><span class='hr-inner ' ><span class='hr-inner-style'><\/span><\/span><\/div><\/p><\/div><\/p>\n","protected":false},"excerpt":{"rendered":"","protected":false},"author":1,"featured_media":0,"parent":0,"menu_order":0,"comment_status":"closed","ping_status":"closed","template":"","meta":[],"_links":{"self":[{"href":"https:\/\/museomoesano.ch\/deutsche\/wp-json\/wp\/v2\/pages\/3533"}],"collection":[{"href":"https:\/\/museomoesano.ch\/deutsche\/wp-json\/wp\/v2\/pages"}],"about":[{"href":"https:\/\/museomoesano.ch\/deutsche\/wp-json\/wp\/v2\/types\/page"}],"author":[{"embeddable":true,"href":"https:\/\/museomoesano.ch\/deutsche\/wp-json\/wp\/v2\/users\/1"}],"replies":[{"embeddable":true,"href":"https:\/\/museomoesano.ch\/deutsche\/wp-json\/wp\/v2\/comments?post=3533"}],"version-history":[{"count":26,"href":"https:\/\/museomoesano.ch\/deutsche\/wp-json\/wp\/v2\/pages\/3533\/revisions"}],"predecessor-version":[{"id":4386,"href":"https:\/\/museomoesano.ch\/deutsche\/wp-json\/wp\/v2\/pages\/3533\/revisions\/4386"}],"wp:attachment":[{"href":"https:\/\/museomoesano.ch\/deutsche\/wp-json\/wp\/v2\/media?parent=3533"}],"curies":[{"name":"wp","href":"https:\/\/api.w.org\/{rel}","templated":true}]}}

<p><div class="flex_column av_one_full  flex_column_div av-zero-column-padding first  avia-builder-el-0  el_before_av_one_full  avia-builder-el-first  " style='border-radius:0px; '></div><br />
<div class="flex_column av_one_full  flex_column_div first  avia-builder-el-2  el_after_av_one_full  avia-builder-el-last  column-top-margin" ><p><div  style='padding-bottom:20px; ' class='av-special-heading av-special-heading-h3    avia-builder-el-3  el_before_av_textblock  avia-builder-el-first  '><h3 class='av-special-heading-tag '  itemprop="headline"  >Kontakte und Informationsanfragen</h3><div class='special-heading-border'><div class='special-heading-inner-border' ></div></div></div><br />
<section class="av_textblock_section "  itemscope="itemscope" itemtype="https://schema.org/CreativeWork" ><div class='avia_textblock  '   itemprop="text" ><p><strong>Öffnungszeiten und Erreichbarkeit<br />
</strong>Das Museum ist von Mitte April bis Ende Oktober jeweils am Mittwoch, Freitag und Sonntag von 14.00 bis 17.00 geöffnet. Für Gruppen von mindestens 10 Personen sind auf Anmeldung hin auch Besuche ausserhalb dieser Öffnungszeiten möglich. Das Museum befindet sich in der Ortsmitte hinter der Collegiata-Kirche.</p>
<p><strong>Zugang für Menschen mit Behinderung<br />
</strong>Leider ist nur das Erdgeschoss rollstuhlgängig; Personen mit einer leichteren Gehbehinderung können die oberen Stockwerke über eine breite Treppe erreichen.</p>
<p><strong>Eintrittspreise<br />
</strong>Erwachsene: CHF 5<br />
Kinder bis 7 Jahre gratis<br />
AHV-Bezüger, Studenten und Jugendliche bis 16 Jahre: CHF 3<br />
Gruppen zu mindestens 10 Personen: CHF 3 / Person<br />
Führungen: CHF 100<br />
(zusätzlich zum Eintrittspreis)</p>
<p><strong>Informationen<br />
</strong>Palazzo Viscardi &#8211; Via Favera 11 &#8211; CH-6534 San Vittore<br />
0041 (0)91 827 16 66<br />
<a href="mailto:info@museomoesano.ch">info@museomoesano.ch</a></p>
</div></section><br />
<div  style='height:20px' class='hr hr-invisible   avia-builder-el-5  el_after_av_textblock  avia-builder-el-last '><span class='hr-inner ' ><span class='hr-inner-style'></span></span></div></p></div></p>
