{"id":3412,"date":"2021-02-01T17:20:13","date_gmt":"2021-02-01T16:20:13","guid":{"rendered":"https:\/\/museomoesano.ch\/deutsche\/?page_id=3412"},"modified":"2026-04-21T11:16:10","modified_gmt":"2026-04-21T09:16:10","slug":"museo-in-movimento","status":"publish","type":"page","link":"https:\/\/museomoesano.ch\/deutsche\/museo-in-movimento\/","title":{"rendered":"Museo in movimento"},"content":{"rendered":"<p><div class=\"flex_column av_one_full  flex_column_div av-zero-column-padding first  avia-builder-el-0  el_before_av_one_half  avia-builder-el-first  \" style='border-radius:0px; '><div  style='padding-bottom:10px; ' class='av-special-heading av-special-heading-h1  blockquote modern-quote  avia-builder-el-1  avia-builder-el-no-sibling  '><h1 class='av-special-heading-tag '  itemprop=\"headline\"  >Lebendiges Museum<\/h1><div class ='av-subheading av-subheading_below  ' style='font-size:20px;'><p>Nicht nur Ausstellungsr\u00e4ume, sondern auch Begegnungsorte und Unterhaltung f\u00fcr Erwachsene und Kinder<\/p>\n<\/div><div class='special-heading-border'><div class='special-heading-inner-border' ><\/div><\/div><\/div><\/div><br \/>\n<div class=\"flex_column av_one_half  flex_column_div av-zero-column-padding first  avia-builder-el-2  el_after_av_one_full  el_before_av_one_half  column-top-margin\" style='border-radius:0px; '><p><div  style='height:10px' class='hr hr-invisible   avia-builder-el-3  el_before_av_gallery  avia-builder-el-first '><span class='hr-inner ' ><span class='hr-inner-style'><\/span><\/span><\/div><br \/>\n<div  class='avia-gallery  avia-gallery-1 avia_lazyload avia-gallery-animate avia_animate_when_visible  avia-builder-el-4  el_after_av_hr  el_before_av_image '  itemprop=\"image\" itemscope=\"itemscope\" itemtype=\"https:\/\/schema.org\/ImageObject\" ><a class='avia-gallery-big fakeLightbox lightbox avia-gallery-big-crop-thumb ' href='https:\/\/museomoesano.ch\/deutsche\/wp-content\/uploads\/2022\/10\/gra_2_845-682.jpg'  data-onclick='1' title='Das laden der Gra in Dro Alt' ><span class='avia-gallery-big-inner'  itemprop=\"thumbnailUrl\" ><img class=\"wp-image-4338 avia-img-lazy-loading-not-4338\"  width=\"845\" height=\"682\" src=\"https:\/\/museomoesano.ch\/deutsche\/wp-content\/uploads\/2022\/10\/gra_2_845-682.jpg\" title='gra_2_845-682' alt='' srcset=\"https:\/\/museomoesano.ch\/deutsche\/wp-content\/uploads\/2022\/10\/gra_2_845-682.jpg 845w, https:\/\/museomoesano.ch\/deutsche\/wp-content\/uploads\/2022\/10\/gra_2_845-682-300x242.jpg 300w, https:\/\/museomoesano.ch\/deutsche\/wp-content\/uploads\/2022\/10\/gra_2_845-682-768x620.jpg 768w, https:\/\/museomoesano.ch\/deutsche\/wp-content\/uploads\/2022\/10\/gra_2_845-682-495x400.jpg 495w, https:\/\/museomoesano.ch\/deutsche\/wp-content\/uploads\/2022\/10\/gra_2_845-682-705x569.jpg 705w\" sizes=\"(max-width: 845px) 100vw, 845px\" \/>\t<span class='avia-gallery-caption'>Das laden der Gra in Dro Alt<\/span><\/span><\/a><div class='avia-gallery-thumb'> <a href='https:\/\/museomoesano.ch\/deutsche\/wp-content\/uploads\/2022\/10\/gra_2_845-682.jpg' data-rel='gallery-1' data-prev-img='https:\/\/museomoesano.ch\/deutsche\/wp-content\/uploads\/2022\/10\/gra_2_845-682.jpg' class='first_thumb lightbox ' data-onclick='1' title='Das laden der Gra in Dro Alt'  itemprop=\"thumbnailUrl\"  ><img class=\"wp-image-4338 avia-img-lazy-loading-not-4338\"  data-avia-tooltip='Das laden der Gra in Dro Alt' src=\"https:\/\/museomoesano.ch\/deutsche\/wp-content\/uploads\/2022\/10\/gra_2_845-682-495x400.jpg\" width=\"495\" height=\"400\"  title='gra_2_845-682' alt='' srcset=\"https:\/\/museomoesano.ch\/deutsche\/wp-content\/uploads\/2022\/10\/gra_2_845-682-495x400.jpg 495w, https:\/\/museomoesano.ch\/deutsche\/wp-content\/uploads\/2022\/10\/gra_2_845-682-300x242.jpg 300w, https:\/\/museomoesano.ch\/deutsche\/wp-content\/uploads\/2022\/10\/gra_2_845-682-768x620.jpg 768w, https:\/\/museomoesano.ch\/deutsche\/wp-content\/uploads\/2022\/10\/gra_2_845-682-705x569.jpg 705w, https:\/\/museomoesano.ch\/deutsche\/wp-content\/uploads\/2022\/10\/gra_2_845-682.jpg 845w\" sizes=\"(max-width: 495px) 100vw, 495px\" \/><\/a> <a href='https:\/\/museomoesano.ch\/deutsche\/wp-content\/uploads\/2022\/10\/gra_1_845-682.jpg' data-rel='gallery-1' data-prev-img='https:\/\/museomoesano.ch\/deutsche\/wp-content\/uploads\/2022\/10\/gra_1_845-682.jpg' class='lightbox ' data-onclick='2' title='Das laden der Gra in Dro Alt'  itemprop=\"thumbnailUrl\"  ><img class=\"wp-image-4337 avia-img-lazy-loading-not-4337\"  data-avia-tooltip='Das laden der Gra in Dro Alt' src=\"https:\/\/museomoesano.ch\/deutsche\/wp-content\/uploads\/2022\/10\/gra_1_845-682-495x400.jpg\" width=\"495\" height=\"400\"  title='gra_1_845-682' alt='' srcset=\"https:\/\/museomoesano.ch\/deutsche\/wp-content\/uploads\/2022\/10\/gra_1_845-682-495x400.jpg 495w, https:\/\/museomoesano.ch\/deutsche\/wp-content\/uploads\/2022\/10\/gra_1_845-682-300x242.jpg 300w, https:\/\/museomoesano.ch\/deutsche\/wp-content\/uploads\/2022\/10\/gra_1_845-682-768x620.jpg 768w, https:\/\/museomoesano.ch\/deutsche\/wp-content\/uploads\/2022\/10\/gra_1_845-682-705x569.jpg 705w, https:\/\/museomoesano.ch\/deutsche\/wp-content\/uploads\/2022\/10\/gra_1_845-682.jpg 845w\" sizes=\"(max-width: 495px) 100vw, 495px\" \/><\/a> <a href='https:\/\/museomoesano.ch\/deutsche\/wp-content\/uploads\/2022\/10\/gra_3_845-682.jpg' data-rel='gallery-1' data-prev-img='https:\/\/museomoesano.ch\/deutsche\/wp-content\/uploads\/2022\/10\/gra_3_845-682.jpg' class='lightbox ' data-onclick='3' title='Das laden der Gra in Dro Alt'  itemprop=\"thumbnailUrl\"  ><img class=\"wp-image-4339 avia-img-lazy-loading-not-4339\"  data-avia-tooltip='Das laden der Gra in Dro Alt' src=\"https:\/\/museomoesano.ch\/deutsche\/wp-content\/uploads\/2022\/10\/gra_3_845-682-495x400.jpg\" width=\"495\" height=\"400\"  title='gra_3_845-682' alt='' srcset=\"https:\/\/museomoesano.ch\/deutsche\/wp-content\/uploads\/2022\/10\/gra_3_845-682-495x400.jpg 495w, https:\/\/museomoesano.ch\/deutsche\/wp-content\/uploads\/2022\/10\/gra_3_845-682-300x242.jpg 300w, https:\/\/museomoesano.ch\/deutsche\/wp-content\/uploads\/2022\/10\/gra_3_845-682-768x620.jpg 768w, https:\/\/museomoesano.ch\/deutsche\/wp-content\/uploads\/2022\/10\/gra_3_845-682-705x569.jpg 705w, https:\/\/museomoesano.ch\/deutsche\/wp-content\/uploads\/2022\/10\/gra_3_845-682.jpg 845w\" sizes=\"(max-width: 495px) 100vw, 495px\" \/><\/a> <a href='https:\/\/museomoesano.ch\/deutsche\/wp-content\/uploads\/2022\/10\/gra_4_845-682.jpg' data-rel='gallery-1' data-prev-img='https:\/\/museomoesano.ch\/deutsche\/wp-content\/uploads\/2022\/10\/gra_4_845-682.jpg' class='first_thumb lightbox ' data-onclick='4' title='Das laden der Gra in Dro Alt'  itemprop=\"thumbnailUrl\"  ><img class=\"wp-image-4340 avia-img-lazy-loading-not-4340\"  data-avia-tooltip='Das laden der Gra in Dro Alt' src=\"https:\/\/museomoesano.ch\/deutsche\/wp-content\/uploads\/2022\/10\/gra_4_845-682-495x400.jpg\" width=\"495\" height=\"400\"  title='gra_4_845-682' alt='' srcset=\"https:\/\/museomoesano.ch\/deutsche\/wp-content\/uploads\/2022\/10\/gra_4_845-682-495x400.jpg 495w, https:\/\/museomoesano.ch\/deutsche\/wp-content\/uploads\/2022\/10\/gra_4_845-682-300x242.jpg 300w, https:\/\/museomoesano.ch\/deutsche\/wp-content\/uploads\/2022\/10\/gra_4_845-682-768x620.jpg 768w, https:\/\/museomoesano.ch\/deutsche\/wp-content\/uploads\/2022\/10\/gra_4_845-682-705x569.jpg 705w, https:\/\/museomoesano.ch\/deutsche\/wp-content\/uploads\/2022\/10\/gra_4_845-682.jpg 845w\" sizes=\"(max-width: 495px) 100vw, 495px\" \/><\/a><\/div><\/div><br \/>\n<\/p><\/div><br \/>\n<div class=\"flex_column av_one_half  flex_column_div av-zero-column-padding   avia-builder-el-6  el_after_av_one_half  el_before_av_one_half  column-top-margin\" style='border-radius:0px; '><section class=\"av_textblock_section \"  itemscope=\"itemscope\" itemtype=\"https:\/\/schema.org\/CreativeWork\" ><div class='avia_textblock  '   itemprop=\"text\" ><h3>Das laden der Gra in Dro Alt. (H\u00fctte zum Kastanientrocknen)<\/h3>\n<p><strong>Jedes Jahr im Oktober wird die Gra bef\u00fcllt und f\u00fcr etwa drei Wochen in Betrieb genommen.<\/strong><\/p>\n<p>Ein Besuch w\u00e4hrend dieser Zeit ist nach Voranmeldung m\u00f6glich. Dazu eine E-Mail schicken an <a href=\"mailto:info@museomoesano.ch\">info@museomoesano.ch<\/a>.<\/p>\n<h3><strong>Video \u201cChe bella giornata\u201d mit Jennifer und Antoine<\/strong><\/h3>\n<p><strong>Ein neues Angebot von RSI KIDS zeigt Entdeckungen und Aktivit\u00e4ten, die man als Familie beim Besuch des Museo Moesano unternehmen kann. Aber wussten Sie, wer die Magistri Moesani sind? Oder dass so viele Architekten und Stuckateure aus dem Moesano kommen&#8230;<\/strong><\/p>\n<p><a href=\"https:\/\/www.rsi.ch\/play\/tv\/redirect\/detail\/15523132\">Weitere Informationen finden Sie im Video<\/a><strong>\u00a0<\/strong><\/p>\n<p><strong>Kulturelle Aktivit\u00e4ten<br \/>\n<\/strong>Wir veranstalten regelm\u00e4ssig Sonderausstellungen zu bestimmten Themen und organisieren Vortragsreihen, die von der Arch\u00e4ologie bis zu lokalgeschichtlichen Argumenten reichen.<br \/>\nAllj\u00e4hrlich organisiert das Museum zudem Exkursionen zu anderen Museen oder kulturhistorisch bedeutsamen St\u00e4tten in Nah und Fern.<\/p>\n<p><strong>Ein Museum f\u00fcr die Kinder<br \/>\n<\/strong>Unter der Anleitung von Monitoren und Spezialisten bieten wir Kindern die M\u00f6glichkeit, w\u00e4hrend der Schulferien an einzelnen Tagen oder Wochen anhand von kreativen Aktivit\u00e4ten und im Spiel verschiedene Bereiche der lokalen Geschichte und Kultur kennenzulernen. Gerne empfangen wir auch Sch\u00fclerinnen und Sch\u00fcler f\u00fcr F\u00fchrungen oder zu Laboratorien in experimenteller Arch\u00e4ologie.<\/p>\n<\/div><\/section><\/div><div class=\"flex_column av_one_half  flex_column_div av-zero-column-padding first  avia-builder-el-8  el_after_av_one_half  avia-builder-el-last  column-top-margin\" style='border-radius:0px; '><div  style='height:10px' class='hr hr-invisible   avia-builder-el-9  avia-builder-el-no-sibling '><span class='hr-inner ' ><span class='hr-inner-style'><\/span><\/span><\/div><\/div><\/p>\n","protected":false},"excerpt":{"rendered":"","protected":false},"author":1,"featured_media":0,"parent":0,"menu_order":0,"comment_status":"closed","ping_status":"closed","template":"","meta":[],"_links":{"self":[{"href":"https:\/\/museomoesano.ch\/deutsche\/wp-json\/wp\/v2\/pages\/3412"}],"collection":[{"href":"https:\/\/museomoesano.ch\/deutsche\/wp-json\/wp\/v2\/pages"}],"about":[{"href":"https:\/\/museomoesano.ch\/deutsche\/wp-json\/wp\/v2\/types\/page"}],"author":[{"embeddable":true,"href":"https:\/\/museomoesano.ch\/deutsche\/wp-json\/wp\/v2\/users\/1"}],"replies":[{"embeddable":true,"href":"https:\/\/museomoesano.ch\/deutsche\/wp-json\/wp\/v2\/comments?post=3412"}],"version-history":[{"count":18,"href":"https:\/\/museomoesano.ch\/deutsche\/wp-json\/wp\/v2\/pages\/3412\/revisions"}],"predecessor-version":[{"id":4413,"href":"https:\/\/museomoesano.ch\/deutsche\/wp-json\/wp\/v2\/pages\/3412\/revisions\/4413"}],"wp:attachment":[{"href":"https:\/\/museomoesano.ch\/deutsche\/wp-json\/wp\/v2\/media?parent=3412"}],"curies":[{"name":"wp","href":"https:\/\/api.w.org\/{rel}","templated":true}]}}

<p><div class="flex_column av_one_full  flex_column_div av-zero-column-padding first  avia-builder-el-0  el_before_av_one_half  avia-builder-el-first  " style='border-radius:0px; '><div  style='padding-bottom:10px; ' class='av-special-heading av-special-heading-h1  blockquote modern-quote  avia-builder-el-1  avia-builder-el-no-sibling  '><h1 class='av-special-heading-tag '  itemprop="headline"  >Lebendiges Museum</h1><div class ='av-subheading av-subheading_below  ' style='font-size:20px;'><p>Nicht nur Ausstellungsräume, sondern auch Begegnungsorte und Unterhaltung für Erwachsene und Kinder</p>
</div><div class='special-heading-border'><div class='special-heading-inner-border' ></div></div></div></div><br />
<div class="flex_column av_one_half  flex_column_div av-zero-column-padding first  avia-builder-el-2  el_after_av_one_full  el_before_av_one_half  column-top-margin" style='border-radius:0px; '><p><div  style='height:10px' class='hr hr-invisible   avia-builder-el-3  el_before_av_gallery  avia-builder-el-first '><span class='hr-inner ' ><span class='hr-inner-style'></span></span></div><br />
<div  class='avia-gallery  avia-gallery-1 avia_lazyload avia-gallery-animate avia_animate_when_visible  avia-builder-el-4  el_after_av_hr  el_before_av_image '  itemprop="image" itemscope="itemscope" itemtype="https://schema.org/ImageObject" ><a class='avia-gallery-big fakeLightbox lightbox avia-gallery-big-crop-thumb ' href='https://museomoesano.ch/deutsche/wp-content/uploads/2022/10/gra_2_845-682.jpg'  data-onclick='1' title='Das laden der Gra in Dro Alt' ><span class='avia-gallery-big-inner'  itemprop="thumbnailUrl" ><img class="wp-image-4338 avia-img-lazy-loading-not-4338"  width="845" height="682" src="https://museomoesano.ch/deutsche/wp-content/uploads/2022/10/gra_2_845-682.jpg" title='gra_2_845-682' alt='' srcset="https://museomoesano.ch/deutsche/wp-content/uploads/2022/10/gra_2_845-682.jpg 845w, https://museomoesano.ch/deutsche/wp-content/uploads/2022/10/gra_2_845-682-300x242.jpg 300w, https://museomoesano.ch/deutsche/wp-content/uploads/2022/10/gra_2_845-682-768x620.jpg 768w, https://museomoesano.ch/deutsche/wp-content/uploads/2022/10/gra_2_845-682-495x400.jpg 495w, https://museomoesano.ch/deutsche/wp-content/uploads/2022/10/gra_2_845-682-705x569.jpg 705w" sizes="(max-width: 845px) 100vw, 845px" />	<span class='avia-gallery-caption'>Das laden der Gra in Dro Alt</span></span></a><div class='avia-gallery-thumb'> <a href='https://museomoesano.ch/deutsche/wp-content/uploads/2022/10/gra_2_845-682.jpg' data-rel='gallery-1' data-prev-img='https://museomoesano.ch/deutsche/wp-content/uploads/2022/10/gra_2_845-682.jpg' class='first_thumb lightbox ' data-onclick='1' title='Das laden der Gra in Dro Alt'  itemprop="thumbnailUrl"  ><img class="wp-image-4338 avia-img-lazy-loading-not-4338"  data-avia-tooltip='Das laden der Gra in Dro Alt' src="https://museomoesano.ch/deutsche/wp-content/uploads/2022/10/gra_2_845-682-495x400.jpg" width="495" height="400"  title='gra_2_845-682' alt='' srcset="https://museomoesano.ch/deutsche/wp-content/uploads/2022/10/gra_2_845-682-495x400.jpg 495w, https://museomoesano.ch/deutsche/wp-content/uploads/2022/10/gra_2_845-682-300x242.jpg 300w, https://museomoesano.ch/deutsche/wp-content/uploads/2022/10/gra_2_845-682-768x620.jpg 768w, https://museomoesano.ch/deutsche/wp-content/uploads/2022/10/gra_2_845-682-705x569.jpg 705w, https://museomoesano.ch/deutsche/wp-content/uploads/2022/10/gra_2_845-682.jpg 845w" sizes="(max-width: 495px) 100vw, 495px" /></a> <a href='https://museomoesano.ch/deutsche/wp-content/uploads/2022/10/gra_1_845-682.jpg' data-rel='gallery-1' data-prev-img='https://museomoesano.ch/deutsche/wp-content/uploads/2022/10/gra_1_845-682.jpg' class='lightbox ' data-onclick='2' title='Das laden der Gra in Dro Alt'  itemprop="thumbnailUrl"  ><img class="wp-image-4337 avia-img-lazy-loading-not-4337"  data-avia-tooltip='Das laden der Gra in Dro Alt' src="https://museomoesano.ch/deutsche/wp-content/uploads/2022/10/gra_1_845-682-495x400.jpg" width="495" height="400"  title='gra_1_845-682' alt='' srcset="https://museomoesano.ch/deutsche/wp-content/uploads/2022/10/gra_1_845-682-495x400.jpg 495w, https://museomoesano.ch/deutsche/wp-content/uploads/2022/10/gra_1_845-682-300x242.jpg 300w, https://museomoesano.ch/deutsche/wp-content/uploads/2022/10/gra_1_845-682-768x620.jpg 768w, https://museomoesano.ch/deutsche/wp-content/uploads/2022/10/gra_1_845-682-705x569.jpg 705w, https://museomoesano.ch/deutsche/wp-content/uploads/2022/10/gra_1_845-682.jpg 845w" sizes="(max-width: 495px) 100vw, 495px" /></a> <a href='https://museomoesano.ch/deutsche/wp-content/uploads/2022/10/gra_3_845-682.jpg' data-rel='gallery-1' data-prev-img='https://museomoesano.ch/deutsche/wp-content/uploads/2022/10/gra_3_845-682.jpg' class='lightbox ' data-onclick='3' title='Das laden der Gra in Dro Alt'  itemprop="thumbnailUrl"  ><img class="wp-image-4339 avia-img-lazy-loading-not-4339"  data-avia-tooltip='Das laden der Gra in Dro Alt' src="https://museomoesano.ch/deutsche/wp-content/uploads/2022/10/gra_3_845-682-495x400.jpg" width="495" height="400"  title='gra_3_845-682' alt='' srcset="https://museomoesano.ch/deutsche/wp-content/uploads/2022/10/gra_3_845-682-495x400.jpg 495w, https://museomoesano.ch/deutsche/wp-content/uploads/2022/10/gra_3_845-682-300x242.jpg 300w, https://museomoesano.ch/deutsche/wp-content/uploads/2022/10/gra_3_845-682-768x620.jpg 768w, https://museomoesano.ch/deutsche/wp-content/uploads/2022/10/gra_3_845-682-705x569.jpg 705w, https://museomoesano.ch/deutsche/wp-content/uploads/2022/10/gra_3_845-682.jpg 845w" sizes="(max-width: 495px) 100vw, 495px" /></a> <a href='https://museomoesano.ch/deutsche/wp-content/uploads/2022/10/gra_4_845-682.jpg' data-rel='gallery-1' data-prev-img='https://museomoesano.ch/deutsche/wp-content/uploads/2022/10/gra_4_845-682.jpg' class='first_thumb lightbox ' data-onclick='4' title='Das laden der Gra in Dro Alt'  itemprop="thumbnailUrl"  ><img class="wp-image-4340 avia-img-lazy-loading-not-4340"  data-avia-tooltip='Das laden der Gra in Dro Alt' src="https://museomoesano.ch/deutsche/wp-content/uploads/2022/10/gra_4_845-682-495x400.jpg" width="495" height="400"  title='gra_4_845-682' alt='' srcset="https://museomoesano.ch/deutsche/wp-content/uploads/2022/10/gra_4_845-682-495x400.jpg 495w, https://museomoesano.ch/deutsche/wp-content/uploads/2022/10/gra_4_845-682-300x242.jpg 300w, https://museomoesano.ch/deutsche/wp-content/uploads/2022/10/gra_4_845-682-768x620.jpg 768w, https://museomoesano.ch/deutsche/wp-content/uploads/2022/10/gra_4_845-682-705x569.jpg 705w, https://museomoesano.ch/deutsche/wp-content/uploads/2022/10/gra_4_845-682.jpg 845w" sizes="(max-width: 495px) 100vw, 495px" /></a></div></div><br />
</p></div><br />
<div class="flex_column av_one_half  flex_column_div av-zero-column-padding   avia-builder-el-6  el_after_av_one_half  el_before_av_one_half  column-top-margin" style='border-radius:0px; '><section class="av_textblock_section "  itemscope="itemscope" itemtype="https://schema.org/CreativeWork" ><div class='avia_textblock  '   itemprop="text" ><h3>Das laden der Gra in Dro Alt. (Hütte zum Kastanientrocknen)</h3>
<p><strong>Jedes Jahr im Oktober wird die Gra befüllt und für etwa drei Wochen in Betrieb genommen.</strong></p>
<p>Ein Besuch während dieser Zeit ist nach Voranmeldung möglich. Dazu eine E-Mail schicken an <a href="mailto:info@museomoesano.ch">info@museomoesano.ch</a>.</p>
<h3><strong>Video “Che bella giornata” mit Jennifer und Antoine</strong></h3>
<p><strong>Ein neues Angebot von RSI KIDS zeigt Entdeckungen und Aktivitäten, die man als Familie beim Besuch des Museo Moesano unternehmen kann. Aber wussten Sie, wer die Magistri Moesani sind? Oder dass so viele Architekten und Stuckateure aus dem Moesano kommen&#8230;</strong></p>
<p><a href="https://www.rsi.ch/play/tv/redirect/detail/15523132">Weitere Informationen finden Sie im Video</a><strong> </strong></p>
<p><strong>Kulturelle Aktivitäten<br />
</strong>Wir veranstalten regelmässig Sonderausstellungen zu bestimmten Themen und organisieren Vortragsreihen, die von der Archäologie bis zu lokalgeschichtlichen Argumenten reichen.<br />
Alljährlich organisiert das Museum zudem Exkursionen zu anderen Museen oder kulturhistorisch bedeutsamen Stätten in Nah und Fern.</p>
<p><strong>Ein Museum für die Kinder<br />
</strong>Unter der Anleitung von Monitoren und Spezialisten bieten wir Kindern die Möglichkeit, während der Schulferien an einzelnen Tagen oder Wochen anhand von kreativen Aktivitäten und im Spiel verschiedene Bereiche der lokalen Geschichte und Kultur kennenzulernen. Gerne empfangen wir auch Schülerinnen und Schüler für Führungen oder zu Laboratorien in experimenteller Archäologie.</p>
</div></section></div><div class="flex_column av_one_half  flex_column_div av-zero-column-padding first  avia-builder-el-8  el_after_av_one_half  avia-builder-el-last  column-top-margin" style='border-radius:0px; '><div  style='height:10px' class='hr hr-invisible   avia-builder-el-9  avia-builder-el-no-sibling '><span class='hr-inner ' ><span class='hr-inner-style'></span></span></div></div></p>
