{"id":3255,"date":"2021-01-13T17:55:08","date_gmt":"2021-01-13T16:55:08","guid":{"rendered":"https:\/\/museomoesano.ch\/deutsche\/?page_id=3255"},"modified":"2025-03-27T16:41:14","modified_gmt":"2025-03-27T15:41:14","slug":"museo-moesano","status":"publish","type":"page","link":"https:\/\/museomoesano.ch\/deutsche\/museo-moesano\/","title":{"rendered":"Museo Moesano"},"content":{"rendered":"<p><div class=\"flex_column av_one_full  flex_column_div av-zero-column-padding first  avia-builder-el-0  el_before_av_one_half  avia-builder-el-first  \" style='border-radius:0px; '><div  style='padding-bottom:10px; ' class='av-special-heading av-special-heading-h1  blockquote modern-quote  avia-builder-el-1  avia-builder-el-no-sibling  '><h1 class='av-special-heading-tag '  itemprop=\"headline\"  >Das Museo Moesano<\/h1><div class ='av-subheading av-subheading_below  ' style='font-size:20px;'><p>Ein Zeugnis regionaler Geschichte seit 1949 in San Vittore<\/p>\n<\/div><div class='special-heading-border'><div class='special-heading-inner-border' ><\/div><\/div><\/div><\/div><br \/>\n<div class=\"flex_column av_one_half  flex_column_div av-zero-column-padding first  avia-builder-el-2  el_after_av_one_full  el_before_av_one_half  column-top-margin\" style='border-radius:0px; '><p><div  style='height:10px' class='hr hr-invisible   avia-builder-el-3  el_before_av_image  avia-builder-el-first '><span class='hr-inner ' ><span class='hr-inner-style'><\/span><\/span><\/div><br \/>\n<div  class='avia-image-container  av-styling-    avia-builder-el-4  el_after_av_hr  avia-builder-el-last  avia-align-left '  itemprop=\"image\" itemscope=\"itemscope\" itemtype=\"https:\/\/schema.org\/ImageObject\"  ><div class='avia-image-container-inner'><div class='avia-image-overlay-wrap'><img class='wp-image-4177 avia-img-lazy-loading-not-4177 avia_image' src=\"https:\/\/museomoesano.ch\/deutsche\/wp-content\/uploads\/2021\/04\/museo-495-400.png\" alt='' title='museo-495-400' height=\"400\" width=\"495\"  itemprop=\"thumbnailUrl\" srcset=\"https:\/\/museomoesano.ch\/deutsche\/wp-content\/uploads\/2021\/04\/museo-495-400.png 495w, https:\/\/museomoesano.ch\/deutsche\/wp-content\/uploads\/2021\/04\/museo-495-400-300x242.png 300w\" sizes=\"(max-width: 495px) 100vw, 495px\" \/><\/div><\/div><\/div><\/p><\/div><br \/>\n<div class=\"flex_column av_one_half  flex_column_div av-zero-column-padding   avia-builder-el-5  el_after_av_one_half  avia-builder-el-last  column-top-margin\" style='border-radius:0px; '><p><section class=\"av_textblock_section \"  itemscope=\"itemscope\" itemtype=\"https:\/\/schema.org\/CreativeWork\" ><div class='avia_textblock  '   itemprop=\"text\" ><p>Das Museo Moesano befindet sich im Palazzo Viscardi in S. Vittore. Es wurde 1949 er\u00f6ffnet. Das Museum beherbergt volkskundliche Zeugnisse, insbesondere die Rekonstruktion einer traditionellen K\u00fcche und eines Schlafgemachs.<\/p>\n<p>Ein ganzes Stockwerk ist der Dauerausstellung zu den \u00abMagistri Moesani\u00bb gewidmet, den Misoxer Architekten, Baumeistern und K\u00fcnstlern, die vom 16. bis ins 18. Jahrhundert vor allem im Ausland t\u00e4tig waren. Eine weitere Abteilung erz\u00e4hlt anhand bedeutender Funde und getreuer Nachbildungen von Ausgrabungsst\u00e4tten, erg\u00e4nzt durch Abbildungen und audiovisuelle Medien, auf fesselnde Art vom aussergew\u00f6hnlich reichen arch\u00e4ologischen Erbe des Moesano. Zum Museum geh\u00f6ren auch zwei Aussenbereiche, eine restaurierte und wieder in Betrieb genommene \u00abGra\u00bb (ein Geb\u00e4ude zum Trocknen der Kastanien), sowie ein Schauraum am Eingang zum Calancatal, wo die originalgetreu restaurierte einstige Postkutsche des Tales ausgestellt ist.<\/p>\n<\/div><\/section><br \/>\n<div  class='avia-icon-list-container   avia-builder-el-7  el_after_av_textblock  avia-builder-el-last '><ul class='avia-icon-list avia-icon-list-left av-iconlist-small avia_animate_when_almost_visible avia-iconlist-animate'>\n<li><div  class='iconlist_icon  avia-font-entypo-fontello'><span class='iconlist-char ' aria-hidden='true' data-av_icon='\ue8bd' data-av_iconfont='entypo-fontello'><\/span><\/div><article class=\"article-icon-entry av-iconlist-empty\"  itemscope=\"itemscope\" itemtype=\"https:\/\/schema.org\/CreativeWork\" ><div class='iconlist_content_wrap'><header class=\"entry-content-header\"><h4 class='av_iconlist_title iconlist_title_small  av_inherit_color '  itemprop=\"headline\"   style='color:#7a1f1a; '><a href='https:\/\/museomoesano.ch\/deutsche\/servizi-e-informazioni\/' title='\u00d6ffnungszeit und Erreichbarkeit, Eintrittspreise'>\u00d6ffnungszeit und Erreichbarkeit, Eintrittspreise<\/a><\/h4><\/header><div class='iconlist_content  '  itemprop=\"text\"  ><\/div><\/div><footer class=\"entry-footer\"><\/footer><\/article><div class='iconlist-timeline'><\/div><\/li>\n<li><div  class='iconlist_icon  avia-font-entypo-fontello'><span class='iconlist-char ' aria-hidden='true' data-av_icon='\ue8bd' data-av_iconfont='entypo-fontello'><\/span><\/div><article class=\"article-icon-entry av-iconlist-empty\"  itemscope=\"itemscope\" itemtype=\"https:\/\/schema.org\/CreativeWork\" ><div class='iconlist_content_wrap'><header class=\"entry-content-header\"><h4 class='av_iconlist_title iconlist_title_small  av_inherit_color '  itemprop=\"headline\"   style='color:#7a1f1a; '><a href='https:\/\/museomoesano.ch\/deutsche\/contatti' title='Kontakt'>Kontakt<\/a><\/h4><\/header><div class='iconlist_content  '  itemprop=\"text\"  ><\/div><\/div><footer class=\"entry-footer\"><\/footer><\/article><div class='iconlist-timeline'><\/div><\/li>\n<li><div  class='iconlist_icon  avia-font-entypo-fontello'><span class='iconlist-char ' aria-hidden='true' data-av_icon='\ue8bd' data-av_iconfont='entypo-fontello'><\/span><\/div><article class=\"article-icon-entry av-iconlist-empty\"  itemscope=\"itemscope\" itemtype=\"https:\/\/schema.org\/CreativeWork\" ><div class='iconlist_content_wrap'><header class=\"entry-content-header\"><div class='av_iconlist_title iconlist_title_small  av_inherit_color '  itemprop=\"headline\"   style='color:#7a1f1a; '><a href='https:\/\/museomoesano.ch\/deutsche\/wp-content\/uploads\/2021\/04\/volantino_def24feb_2021_tedesco.pdf' title='Das PDF des Informationsflyer downloaden'>Das PDF des Informationsflyer downloaden<\/a><\/div><\/header><div class='iconlist_content  '  itemprop=\"text\"  ><\/div><\/div><footer class=\"entry-footer\"><\/footer><\/article><div class='iconlist-timeline'><\/div><\/li>\n<\/ul><\/div><\/p><\/div><\/p>\n","protected":false},"excerpt":{"rendered":"","protected":false},"author":1,"featured_media":0,"parent":0,"menu_order":0,"comment_status":"closed","ping_status":"closed","template":"","meta":[],"_links":{"self":[{"href":"https:\/\/museomoesano.ch\/deutsche\/wp-json\/wp\/v2\/pages\/3255"}],"collection":[{"href":"https:\/\/museomoesano.ch\/deutsche\/wp-json\/wp\/v2\/pages"}],"about":[{"href":"https:\/\/museomoesano.ch\/deutsche\/wp-json\/wp\/v2\/types\/page"}],"author":[{"embeddable":true,"href":"https:\/\/museomoesano.ch\/deutsche\/wp-json\/wp\/v2\/users\/1"}],"replies":[{"embeddable":true,"href":"https:\/\/museomoesano.ch\/deutsche\/wp-json\/wp\/v2\/comments?post=3255"}],"version-history":[{"count":27,"href":"https:\/\/museomoesano.ch\/deutsche\/wp-json\/wp\/v2\/pages\/3255\/revisions"}],"predecessor-version":[{"id":4387,"href":"https:\/\/museomoesano.ch\/deutsche\/wp-json\/wp\/v2\/pages\/3255\/revisions\/4387"}],"wp:attachment":[{"href":"https:\/\/museomoesano.ch\/deutsche\/wp-json\/wp\/v2\/media?parent=3255"}],"curies":[{"name":"wp","href":"https:\/\/api.w.org\/{rel}","templated":true}]}}

<p><div class="flex_column av_one_full  flex_column_div av-zero-column-padding first  avia-builder-el-0  el_before_av_one_half  avia-builder-el-first  " style='border-radius:0px; '><div  style='padding-bottom:10px; ' class='av-special-heading av-special-heading-h1  blockquote modern-quote  avia-builder-el-1  avia-builder-el-no-sibling  '><h1 class='av-special-heading-tag '  itemprop="headline"  >Das Museo Moesano</h1><div class ='av-subheading av-subheading_below  ' style='font-size:20px;'><p>Ein Zeugnis regionaler Geschichte seit 1949 in San Vittore</p>
</div><div class='special-heading-border'><div class='special-heading-inner-border' ></div></div></div></div><br />
<div class="flex_column av_one_half  flex_column_div av-zero-column-padding first  avia-builder-el-2  el_after_av_one_full  el_before_av_one_half  column-top-margin" style='border-radius:0px; '><p><div  style='height:10px' class='hr hr-invisible   avia-builder-el-3  el_before_av_image  avia-builder-el-first '><span class='hr-inner ' ><span class='hr-inner-style'></span></span></div><br />
<div  class='avia-image-container  av-styling-    avia-builder-el-4  el_after_av_hr  avia-builder-el-last  avia-align-left '  itemprop="image" itemscope="itemscope" itemtype="https://schema.org/ImageObject"  ><div class='avia-image-container-inner'><div class='avia-image-overlay-wrap'><img class='wp-image-4177 avia-img-lazy-loading-not-4177 avia_image' src="https://museomoesano.ch/deutsche/wp-content/uploads/2021/04/museo-495-400.png" alt='' title='museo-495-400' height="400" width="495"  itemprop="thumbnailUrl" srcset="https://museomoesano.ch/deutsche/wp-content/uploads/2021/04/museo-495-400.png 495w, https://museomoesano.ch/deutsche/wp-content/uploads/2021/04/museo-495-400-300x242.png 300w" sizes="(max-width: 495px) 100vw, 495px" /></div></div></div></p></div><br />
<div class="flex_column av_one_half  flex_column_div av-zero-column-padding   avia-builder-el-5  el_after_av_one_half  avia-builder-el-last  column-top-margin" style='border-radius:0px; '><p><section class="av_textblock_section "  itemscope="itemscope" itemtype="https://schema.org/CreativeWork" ><div class='avia_textblock  '   itemprop="text" ><p>Das Museo Moesano befindet sich im Palazzo Viscardi in S. Vittore. Es wurde 1949 eröffnet. Das Museum beherbergt volkskundliche Zeugnisse, insbesondere die Rekonstruktion einer traditionellen Küche und eines Schlafgemachs.</p>
<p>Ein ganzes Stockwerk ist der Dauerausstellung zu den «Magistri Moesani» gewidmet, den Misoxer Architekten, Baumeistern und Künstlern, die vom 16. bis ins 18. Jahrhundert vor allem im Ausland tätig waren. Eine weitere Abteilung erzählt anhand bedeutender Funde und getreuer Nachbildungen von Ausgrabungsstätten, ergänzt durch Abbildungen und audiovisuelle Medien, auf fesselnde Art vom aussergewöhnlich reichen archäologischen Erbe des Moesano. Zum Museum gehören auch zwei Aussenbereiche, eine restaurierte und wieder in Betrieb genommene «Gra» (ein Gebäude zum Trocknen der Kastanien), sowie ein Schauraum am Eingang zum Calancatal, wo die originalgetreu restaurierte einstige Postkutsche des Tales ausgestellt ist.</p>
</div></section><br />
<div  class='avia-icon-list-container   avia-builder-el-7  el_after_av_textblock  avia-builder-el-last '><ul class='avia-icon-list avia-icon-list-left av-iconlist-small avia_animate_when_almost_visible avia-iconlist-animate'>
<li><div  class='iconlist_icon  avia-font-entypo-fontello'><span class='iconlist-char ' aria-hidden='true' data-av_icon='' data-av_iconfont='entypo-fontello'></span></div><article class="article-icon-entry av-iconlist-empty"  itemscope="itemscope" itemtype="https://schema.org/CreativeWork" ><div class='iconlist_content_wrap'><header class="entry-content-header"><h4 class='av_iconlist_title iconlist_title_small  av_inherit_color '  itemprop="headline"   style='color:#7a1f1a; '><a href='https://museomoesano.ch/deutsche/servizi-e-informazioni/' title='Öffnungszeit und Erreichbarkeit, Eintrittspreise'>Öffnungszeit und Erreichbarkeit, Eintrittspreise</a></h4></header><div class='iconlist_content  '  itemprop="text"  ></div></div><footer class="entry-footer"></footer></article><div class='iconlist-timeline'></div></li>
<li><div  class='iconlist_icon  avia-font-entypo-fontello'><span class='iconlist-char ' aria-hidden='true' data-av_icon='' data-av_iconfont='entypo-fontello'></span></div><article class="article-icon-entry av-iconlist-empty"  itemscope="itemscope" itemtype="https://schema.org/CreativeWork" ><div class='iconlist_content_wrap'><header class="entry-content-header"><h4 class='av_iconlist_title iconlist_title_small  av_inherit_color '  itemprop="headline"   style='color:#7a1f1a; '><a href='https://museomoesano.ch/deutsche/contatti' title='Kontakt'>Kontakt</a></h4></header><div class='iconlist_content  '  itemprop="text"  ></div></div><footer class="entry-footer"></footer></article><div class='iconlist-timeline'></div></li>
<li><div  class='iconlist_icon  avia-font-entypo-fontello'><span class='iconlist-char ' aria-hidden='true' data-av_icon='' data-av_iconfont='entypo-fontello'></span></div><article class="article-icon-entry av-iconlist-empty"  itemscope="itemscope" itemtype="https://schema.org/CreativeWork" ><div class='iconlist_content_wrap'><header class="entry-content-header"><div class='av_iconlist_title iconlist_title_small  av_inherit_color '  itemprop="headline"   style='color:#7a1f1a; '><a href='https://museomoesano.ch/deutsche/wp-content/uploads/2021/04/volantino_def24feb_2021_tedesco.pdf' title='Das PDF des Informationsflyer downloaden'>Das PDF des Informationsflyer downloaden</a></div></header><div class='iconlist_content  '  itemprop="text"  ></div></div><footer class="entry-footer"></footer></article><div class='iconlist-timeline'></div></li>
</ul></div></p></div></p>
